by 11?
9
Suppose 29 = 5*y - 96. What is the remainder when (95/y)/(1/5) is divided by 10?
9
Let a = 8 + -4. Suppose 45 = a*g + g. What is the remainder when g is divided by 6?
3
Let l(u) = u**2 - 11*u + 12. Let g be (-22)/(-2) - 0 - 1. What is the remainder when 5 is divided by l(g)?
1
Let b(r) = r**3 - 2*r**2 - 3*r + 2. Let i be b(3). Suppose -3*s + 5*g + 52 = 0, -s = g + i*g - 22. What is the remainder when 56 is divided by s?
18
Let f = -54 - -92. Let i = -23 + 36. Calculate the remainder when f is divided by i.
12
Let x = 53 + -10. What is the remainder when x is divided by 23?
20
Suppose 19 = 2*j + 3*j - 3*x, 4*j + 7 = -5*x. Suppose 3 = u, -u + 395 = 6*m - j*m. Let c = m - 55. Calculate the remainder when c is divided by 15.
13
Let h(w) be the first derivative of 2*w**2 - 6*w + 1/3*w**3 + 1. What is the remainder when h(6) is divided by 14?
12
Suppose 2*q = 3*o - 156, 63 = -3*o + 4*q + 213. Suppose 0 = 5*x + 3*c - 4*c - 144, 3*c + 68 = 2*x. What is the remainder when o is divided by x?
26
Suppose 5*h = 4*z - 88, -7*z = 4*h - 4*z + 89. Let b = h - -25. Calculate the remainder when 16 is divided by b.
1
Let p = -60 + 73. Calculate the remainder when 23 is divided by p.
10
Suppose -19 = 2*m - 3*v, 2*m + 4*v + 26 = -0*v. Let o = -7 - m. What is the remainder when 37 is divided by (16 - o) + 2/(-1)?
7
Let j be (1 - 5) + -3 + 2. Let q(z) = -z**3 - 4*z**2 + 5*z + 2. Let h be q(j). Let y = 9 - h. What is the remainder when y is divided by 4?
3
Let y(x) = x**2 - 7*x - 4. Let f be y(8). Suppose 0*n = -f*n. What is the remainder when 37 is divided by 13 + (-1)/(-3)*n?
11
Let l be (2/4)/(1/14). Let q = 27 - l. What is the remainder when q is divided by 7?
6
Let r(n) = n + 13. Let o(f) = -7. Let j(b) = 5*o(b) + 3*r(b). Calculate the remainder when 49 is divided by j(7).
24
Let f(n) = n**3 + 8*n**2 + 6*n + 7. What is the remainder when f(-6) is divided by 11?
10
Suppose 4*g + g = 10. Suppose -j + 27 = 3*x, 0 = g*j + 2*j + 2*x - 58. What is the remainder when 45 is divided by j?
9
Suppose 16 = m + 6. Let q(v) be the second derivative of 7*v**4/12 - v**3/6 - v**2/2 - 2*v. What is the remainder when q(-2) is divided by m?
9
Suppose 0 = -7*r + 5*r + 5*t + 24, -2*t + 96 = 4*r. What is the remainder when 62 is divided by r?
18
Suppose -2*b + 33 + 9 = 0. Let y(t) = -t**3 + 5*t**2 + 2*t - 5. Let j be y(5). Suppose -j*k + 8 = -22. What is the remainder when b is divided by k?
3
Calculate the remainder when 24 is divided by 80/6 + (-5)/15.
11
Suppose 3*x + 1 = 7, -5*i = 5*x - 55. Calculate the remainder when i is divided by 6.
3
Suppose 2*s = 3 + 9. Let f(v) = v**2 - 5*v. What is the remainder when f(s) is divided by 2?
0
Suppose 455 = n + 6*n. What is the remainder when n is divided by 17?
14
Let t(w) = w**2 - 15*w + 15. Let v be 21 + (-6)/9*6. Calculate the remainder when t(v) is divided by 13.
10
Let w be 28/35*15/(-2). Let k = -2 - w. Let z(a) = -a**3 - 6*a**2 + 7*a + 2. What is the remainder when k is divided by z(-7)?
0
Suppose b - 1 = 2*d - 8, 0 = 5*d + 2*b - 4. Let h(p) = -p**3 + p + 87. Let w be h(0). Suppose -d*n + w = n. Calculate the remainder when n is divided by 15.
14
Calculate the remainder when ((-24)/(-20))/(1 - (-177)/(-180)) is divided by 25.
22
Suppose 0 = -5*n + 455 + 1515. What is the remainder when n is divided by 33?
31
Let k(y) = 4*y**2 + 7*y. Let p be k(5). Suppose 253 + p = 5*v - 4*t, 2*v - 2*t - 156 = 0. Calculate the remainder when v is divided by 13.
11
Let i = -12 - -27. Calculate the remainder when i is divided by 9.
6
Let r(k) = 33*k**2 + k. Let y be 1 - (-1 - 1/1). Suppose -15 = 5*w, y*g + 0*w - 21 = -4*w. Calculate the remainder when r(-1) is divided by g.
10
Let j(y) = y**2 - 5*y - 20. What is the remainder when 37 is divided by j(-3)?
1
Let r(u) = u**3 - 4*u**2 + 2*u - 3. What is the remainder when r(5) is divided by (-42)/(-7) + (-20)/(-4)?
10
Let g = -213 - -235. Let m = -38 - -20. Let z = -10 - m. What is the remainder when g is divided by z?
6
Suppose -3*c - c - 16 = 0, f - 6 = -4*c. Calculate the remainder when 42 is divided by f.
20
Let d(x) = x**3 + x**2 + 10. Let f be d(0). Let g = f + -3. Calculate the remainder when g is divided by 2.
1
Let m = -6 + 15. Calculate the remainder when m is divided by 5.
4
Let n = 37 + -16. Suppose 4*y - 18 = -2*m + 2*y, 3*y = -m + 5. Calculate the remainder when n is divided by m.
10
Calculate the remainder when 29 is divided by -6*(1 + (-14)/6).
5
What is the remainder when 27 is divided by 7/35 - -1*87/15?
3
Suppose -4*x - 18 = -m - 54, 0 = -4*m - x - 59. Let g = m - -17. Calculate the remainder when g is divided by 1.
0
Suppose 28 = 4*v - 4*u, -3*u = 2*v - 4*u - 16. What is the remainder when 34 is divided by v?
7
Let f(t) = 11*t - 1. Let m be -2 + (-1 - 0 - 0). Let k be f(m). Let h = k - -51. Calculate the remainder when h is divided by 6.
5
Let r = 8 - 3. Suppose -4*d = -3*d - r, -2*d - 7 = -u. Let b = -70 - -120. What is the remainder when b is divided by u?
16
Let q be 1 + (-2)/(4/(-2)). Let v(w) = 3*w**3 - 7*w**2 - q*w**3 - 2*w**3 - 7 - 10*w. What is the remainder when v(-6) is divided by 6?
5
Suppose -2*j + 57 = -5. Calculate the remainder when j is divided by 4.
3
Let m be (-5 - -3) + (-6)/(-1). Let x(b) = 4*b**2 - b - 2. Calculate the remainder when x(m) is divided by 20.
18
Let f be 1 + 7/((-7)/(-2)). Suppose -5*h - 2 = -f*u - 3, 17 = 3*u + 4*h. Suppose 0 = -r + 3. Calculate the remainder when u is divided by r.
0
Suppose -4*a = 2*w, a + a = -4*w + 6. Let t(q) = q**2 - 4*q + 4. Calculate the remainder when t(4) is divided by w.
0
Suppose -108 = -2*i - 24. Calculate the remainder when i is divided by 11.
9
Let f = 92 - 66. Calculate the remainder when 34 is divided by f.
8
Let g be 1/(-4) + (-9)/(-4). Suppose -4*m = 2*t + g - 44, -53 = -3*t + 4*m. What is the remainder when t is divided by 10?
9
Suppose 6 = -0*p + 2*p. Suppose 0 = p*b - 164 + 17. Calculate the remainder when b is divided by 25.
24
Suppose 4*d - 40 = 64. Let v = d - 47. Let k = v + 42. What is the remainder when k is divided by 11?
10
Suppose 4*g = 3*l + 19, -l + 12 = 2*g - 3*l. Let q = g - 6. Let f(m) = 3*m**2 + 7*m + 1. Calculate the remainder when f(q) is divided by 21.
20
Suppose -b + 14 = -0*b. What is the remainder when 47 is divided by 4/b - 519/(-21)?
22
Let z(g) = 2*g. What is the remainder when 23 is divided by z(3)?
5
Let r(k) = 14*k + 8. Let l(s) = 14*s + 7. Let x(y) = -3*l(y) + 2*r(y). Calculate the remainder when x(-2) is divided by 5.
3
Let b(f) = -1. Let u(m) = -3*m - 12. Let z(g) = -5*b(g) + u(g). Calculate the remainder when 38 is divided by z(-9).
18
Let g(m) = m**3 + 19*m**2 + m + 31. Calculate the remainder when 17 is divided by g(-19).
5
Suppose 5*p + 218 = 658. Calculate the remainder when p is divided by 18.
16
Let m be 0 + (-2)/(4/(-18)). Let i = m + -1. Let z = 55 + -40. What is the remainder when z is divided by i?
7
Let a = -1 - -3. Suppose -2 - 14 = -a*i. Calculate the remainder when 13 is divided by i.
5
Let x(w) = w**2 + w - 9. Let r be 19 - (-4)/((-8)/6). Suppose -2*y + r = -4*y. What is the remainder when x(y) is divided by 16?
15
Let k = 22 - 10. Let s(b) = -12*b + 8. Let t be s(6). Let u = -31 - t. What is the remainder when u is divided by k?
9
Suppose -14*y = -216 + 6. Let d(r) = -18*r + 2. What is the remainder when d(-3) is divided by y?
11
Let h be (-1 - 2)/(-3)*7. Let q(y) = -y + 10. What is the remainder when 6 is divided by q(h)?
0
Let v = 39 - 8. What is the remainder when v is divided by (-2 - -2) + -3 + 19?
15
Suppose 5*o - 90 = 5*t, -96 = -4*o - 2*t - 12. Calculate the remainder when o is divided by 8.
4
Suppose -8 = 4*m - 5*p - 48, -3*m - p = -11. What is the remainder when 17 is divided by m?
2
Let r(h) = h**2 + 3*h - 26. What is the remainder when 68 is divided by r(5)?
12
Suppose -3*q + 27 = 3*j, 0 = -2*j - q + 2*q + 21. Let k(n) = n**2 - 3*n - 4. Calculate the remainder when j is divided by k(5).
4
What is the remainder when 1/3 - (-178)/6 is divided by 1/(2/32)*1?
14
Let f(r) = -r**2 + 15*r - 12. Let k be f(14). Suppose 5*o = k*x + 388, -4*o - 2*x + 221 = -93. What is the remainder when o is divided by 16?
14
Suppose 0*i + 5*i - 70 = 0. Suppose 0 = t - 3, -2*k - 3*t + 66 = -73. Calculate the remainder when ((-24)/30)/((-2)/k) is divided by i.
12
Suppo